 23 a factor of 9125475?
False
Is 55950 a multiple of 50?
True
Is 29 a factor of 3598784?
True
Is 124 a factor of 4662648?
True
Does 672 divide 10642948?
False
Is 28368028 a multiple of 27?
False
Is 577 a factor of 39236?
True
Is 3279289 a multiple of 37?
False
Does 7 divide 470790?
False
Is 243362 a multiple of 104?
False
Is 56 a factor of 1336944?
True
Is 19439 a multiple of 7?
True
Is 8862 a multiple of 42?
True
Does 47 divide 3884294?
False
Is 82 a factor of 1956380?
False
Is 19 a factor of 85519?
True
Is 570662 a multiple of 21?
False
Does 13 divide 31891407?
False
Is 524175 a multiple of 113?
False
Is 498 a factor of 376986?
True
Is 468694 a multiple of 13?
False
Is 7650294 a multiple of 59?
True
Does 78 divide 1860309?
False
Is 12944 a multiple of 4?
True
Is 28 a factor of 1234105?
False
Is 22308 a multiple of 156?
True
Is 19 a factor of 12274?
True
Is 19 a factor of 93252?
True
Is 1426050 a multiple of 225?
True
Does 57 divide 5353098?
True
Does 7 divide 1629838?
True
Is 2128650 a multiple of 150?
True
Is 60 a factor of 39060?
True
Is 1955403 a multiple of 167?
True
Does 457 divide 438505?
False
Does 21 divide 90817?
False
Is 678308 a multiple of 93?
False
Is 546 a factor of 1153010?
False
Is 215 a factor of 2684490?
True
Is 140579 a multiple of 547?
True
Is 64 a factor of 423744?
True
Does 42 divide 926915?
False
Does 344 divide 1140686?
False
Is 342134 a multiple of 13?
True
Is 2 a factor of 16710?
True
Does 225 divide 1774125?
True
Is 1261473 a multiple of 4?
False
Is 5089000 a multiple of 1454?
True
Is 73 a factor of 7799393?
True
Is 82538 a multiple of 9?
False
Does 41 divide 2982380?
False
Is 899058 a multiple of 535?
False
Is 9 a factor of 241592?
False
Does 259 divide 3786097?
False
Does 64 divide 140037?
False
Is 5 a factor of 11578?
False
Is 6 a factor of 370770?
True
Does 307 divide 3330579?
False
Does 182 divide 819728?
True
Does 122 divide 172996?
True
Does 16 divide 8606306?
False
Does 840 divide 2236080?
True
Does 477 divide 274275?
True
Is 11598 a multiple of 5?
False
Is 6 a factor of 115836?
True
Is 496497 a multiple of 63?
False
Does 37 divide 56980?
True
Is 166 a factor of 2359633?
False
Does 47 divide 2463740?
True
Is 97 a factor of 371905?
False
Does 71 divide 541233?
True
Is 66660 a multiple of 33?
True
Is 25883 a multiple of 25?
False
Is 26964 a multiple of 21?
True
Is 48098 a multiple of 78?
False
Is 325832 a multiple of 338?
True
Is 753285 a multiple of 119?
False
Is 219295 a multiple of 9?
False
Is 118328 even?
True
Is 40 a factor of 156360?
True
Does 12 divide 114903?
False
Is 34 a factor of 590308?
True
Does 997 divide 140577?
True
Does 35 divide 898450?
True
Is 239 a factor of 1325467?
False
Is 95273 a multiple of 29?
False
Does 22 divide 418572?
True
Is 1200180 a multiple of 83?
True
Is 110 a factor of 341770?
True
Does 33 divide 214995?
True
Is 10358365 a multiple of 14?
False
Is 326061 a multiple of 13?
False
Is 5 a factor of 16780?
True
Is 106 a factor of 355649?
False
Does 166 divide 176956?
True
Does 58 divide 18865034?
False
Does 29 divide 470972?
False
Is 16 a factor of 1264236?
False
Does 5 divide 2820267?
False
Does 8 divide 34823?
False
Is 12 a factor of 68226?
False
Is 466297 a multiple of 5?
False
Does 443 divide 1142054?
True
Is 17125108 a multiple of 91?
True
Is 68 a factor of 748?
True
Is 9 a factor of 685265?
False
Is 481624 a multiple of 26?
True
Is 600337 a multiple of 5?
False
Does 7 divide 43015?
True
Does 101 divide 19089808?
True
Is 1131658 a multiple of 761?
False
Does 189 divide 7639581?
False
Is 39 a factor of 292959?
False
Is 272311 a multiple of 354?
False
Is 26 a factor of 70280?
False
Does 44 divide 573276?
True
Does 777 divide 9668988?
True
Is 4 a factor of 55880?
True
Does 2 divide 14880?
True
Is 241 a factor of 379126?
False
Does 489 divide 209392?
False
Is 20 a factor of 31134?
False
Does 195 divide 5372640?
True
Is 162016 a multiple of 122?
True
Does 604 divide 17084091?
False
Does 360 divide 45360?
True
Is 5 a factor of 586732?
False
Is 156 a factor of 2533752?
True
Is 1018982 a multiple of 13?
False
Does 333 divide 240759?
True
Is 268446 a multiple of 272?
False
Does 8 divide 1540272?
True
Is 35 a factor of 483876?
False
Does 415 divide 2165201?
False
Is 205 a factor of 83552?
False
Is 129782 a multiple of 141?
False
Does 18 divide 1088776?
False
Is 28 a factor of 64556?
False
Is 31376 even?
True
Is 352 a factor of 269984?
True
Is 210285 a multiple of 205?
False
Is 6299610 a multiple of 25?
False
Is 28912410 a multiple of 24?
False
Is 5496369 a multiple of 54?
False
Is 12029966 a multiple of 13?
True
Is 51860 a multiple of 10?
True
Is 4882200 a multiple of 1580?
True
Is 1215639 a multiple of 100?
False
Is 90341 a multiple of 297?
False
Is 125 a factor of 2911375?
True
Is 211686 a multiple of 31?
False
Does 384 divide 2249472?
True
Is 410096 a multiple of 387?
False
Is 176 a factor of 1256288?
True
Is 531064 a multiple of 236?
False
Does 5 divide 101660?
True
Does 17 divide 19878?
False
Is 291 a factor of 695616?
False
Does 259 divide 1371397?
False
Is 10 a factor of 440180?
True
Is 1347 a factor of 4779156?
True
Is 160 a factor of 537190?
False
Is 413868 a multiple of 91?
True
Is 280110 a multiple of 65?
False
Is 66342 a multiple of 224?
False
Is 20 a factor of 2700?
True
Does 313 divide 2420742?
True
Is 5 a factor of 703400?
True
Is 64 a factor of 783552?
True
Is 771984 a multiple of 13?
False
Is 252 a factor of 4383036?
True
Does 499 divide 482533?
True
Does 43 divide 141298?
True
Does 148 divide 11064?
False
Is 204306 a multiple of 102?
True
Is 45414000 a multiple of 12?
True
Is 678410 a multiple of 358?
True
Is 449 a factor of 1031353?
True
Does 1442 divide 647458?
True
Is 382 a factor of 10565194?
False
Is 75 a factor of 192525?
True
Is 59 a factor of 114044?
False
Is 65652 a multiple of 6?
True
Is 74 a factor of 10084062?
False
Does 505 divide 171894?
False
Is 325934 a multiple of 31?
True
Is 15474 a multiple of 41?
False
Does 214 divide 3820328?
True
Is 16 a factor of 18384?
True
Does 48 divide 9846816?
True
Is 46446 a multiple of 5?
False
Is 55 a factor of 1444355?
True
Does 74 divide 474366?
False
Does 19 divide 3124417?
True
Does 4 divide 48544?
True
Is 3014550 a multiple of 10?
True
Is 12 a factor of 18301106?
False
Is 61 a factor of 185132?
False
Is 780 a factor of 167934?
False
Is 165 a factor of 140840?
False
Is 531632 a multiple of 149?
True
Is 664 a factor of 14619921?
False
Does 23 divide 4159969?
False
Does 2 divide 2444538?
True
Is 70650 a multiple of 25?
True
Does 7 divide 55398?
True
Does 7 divide 448?
True
Is 1363600 a multiple of 140?
True
Does 64 divide 1761920?
True
Does 11 divide 841951?
True
Is 21128 a multiple of 76?
True
Does 8 divide 77668?
False
Is 71 a factor of 2049060?
True
Is 496523 a multiple of 18?
False
Does 526 divide 8919382?
True
Is 2308539 a multiple of 31?
True
Is 82 a factor of 1907484?
True
Does 1336 divide 1779716?
False
Is 2032800 a multiple of 84?
True
Is 3 a factor of 29922?
True
Is 4 a factor of 900463?
False
Is 49 a factor of 1981496?
False
Does 5 divide 1226799?
False
Is 594 a factor of 3454704?
True
Is 51733 a multiple of 16?
False
Is 3847615 a multiple of 416?
False
Is 1205600 a multiple of 400?
True
Does 8 divide 49128?
True
Is 13 a factor of 2196419?
False
Does 223 divide 85497?
False
Is 14 a factor of 83174?
True
Is 4607188 a multiple of 20?
False
Is 21 a factor of 15863?
False
Is 95 a factor of 872304?
False
Does 2 divide 468463?
False
Is 218864 a multiple of 16?
True
Does 11 divide 84546?
True
Does 142 divide 1894564?
True
Is 2 a factor of 303238?
True
Does 256 divide 3204352?
True
Is 3 a factor of 1970960?
False
Is 4793946 a multiple of 1039?
True
Is 2458161 a multiple of 91?
False
Is 5383 a multiple of 12?
False
Does 6 divide 827153?
False
Does 77 divide 30338?
True
Is 9810816 a multiple of 8?
True
Is 3 a factor of 332157?
True
Is 15127538 a multiple of 90?
False
Is 7 a factor of 99394?
False
Is 87876 a multiple of 25?
False
Is 2464 a multiple of 9?
False
Is 5061780 a multiple of 20?
True
Is 254 a factor of 2033099?
False
Does 1372 divide 830060?
True
Is 96 a factor of 796925?
False
Is 170 a factor of 3986840?
True
Does 172 divide 9449751?
False
Is 3666 a multiple of 10?
False
Does 526 divide 531036?
False